{"id":4,"date":"2019-12-20T11:09:39","date_gmt":"2019-12-20T11:09:39","guid":{"rendered":"https:\/\/17hundert.com\/willkommen-auf-https-17hundert-com"},"modified":"2021-04-25T09:25:41","modified_gmt":"2021-04-25T09:25:41","slug":"willkommen-auf-https-17hundert-com","status":"publish","type":"page","link":"https:\/\/17hundert.com\/","title":{"rendered":"Home"},"content":{"rendered":"\n<div style=\"height:115px\" aria-hidden=\"true\" class=\"wp-block-spacer\"><\/div>\n\n\n\n<p class=\"has-text-align-center\" style=\"font-size:26px\"><span style=\"color:#d6553b\" class=\"tadv-color\">17HUNDERT<\/span>-PRODUKTE HABEN BEDEUTUNG.<br>WIR VERSTEHEN <span style=\"color:#d6553b\" class=\"tadv-color\">FAIREN HANDEL<\/span> ALS SELBSTVERST\u00c4NDLICHKEIT.<\/p>\n\n\n\n<div class=\"wp-block-themeisle-blocks-service\">\n<div style=\"height:63px\" aria-hidden=\"true\" class=\"wp-block-spacer\"><\/div>\n<\/div>\n\n\n\n<div class=\"wp-block-themeisle-blocks-advanced-columns alignfull has-1-columns has-desktop-equal-layout has-tablet-equal-layout has-mobile-equal-layout has-nogap-gap has-vertical-unset\" id=\"wp-block-themeisle-blocks-advanced-columns-619738b1\"><div class=\"wp-block-themeisle-blocks-advanced-columns-overlay\"><\/div><div class=\"innerblocks-wrap\">\n<div class=\"wp-block-themeisle-blocks-advanced-column\" id=\"wp-block-themeisle-blocks-advanced-column-8b1a4141\">\n<div class=\"wp-block-image is-style-default animated fadeIn\"><figure class=\"aligncenter size-large\"><img loading=\"lazy\" decoding=\"async\" width=\"1024\" height=\"683\" src=\"https:\/\/17hundert.com\/wp-content\/uploads\/2019\/12\/Bauer_nah_Web-1024x683.jpg\" alt=\"\" class=\"wp-image-39\" srcset=\"https:\/\/17hundert.com\/wp-content\/uploads\/2019\/12\/Bauer_nah_Web-1024x683.jpg 1024w, https:\/\/17hundert.com\/wp-content\/uploads\/2019\/12\/Bauer_nah_Web-300x200.jpg 300w, https:\/\/17hundert.com\/wp-content\/uploads\/2019\/12\/Bauer_nah_Web-768x512.jpg 768w, https:\/\/17hundert.com\/wp-content\/uploads\/2019\/12\/Bauer_nah_Web-930x620.jpg 930w, https:\/\/17hundert.com\/wp-content\/uploads\/2019\/12\/Bauer_nah_Web.jpg 1200w\" sizes=\"auto, (max-width: 1024px) 100vw, 1024px\" \/><\/figure><\/div>\n<\/div>\n<\/div><\/div>\n\n\n\n<div class=\"wp-block-group\"><div class=\"wp-block-group__inner-container is-layout-flow wp-block-group-is-layout-flow\">\n<div style=\"height:20px\" aria-hidden=\"true\" class=\"wp-block-spacer\"><\/div>\n\n\n\n<h2 class=\"has-text-align-center wp-block-heading\" id=\"Unsere_Produkte\">Unsere Produkte <\/h2>\n\n\n\n<hr class=\"wp-block-separator\"\/>\n\n\n\n<div class=\"wp-block-media-text alignwide is-stacked-on-mobile is-vertically-aligned-center has-white-background-color has-background\" style=\"grid-template-columns:41% auto\"><figure class=\"wp-block-media-text__media\"><img loading=\"lazy\" decoding=\"async\" width=\"981\" height=\"1024\" src=\"https:\/\/17hundert.com\/wp-content\/uploads\/2019\/12\/X5A4341-981x1024.jpg\" alt=\"\" class=\"wp-image-27 size-full\" srcset=\"https:\/\/17hundert.com\/wp-content\/uploads\/2019\/12\/X5A4341-981x1024.jpg 981w, https:\/\/17hundert.com\/wp-content\/uploads\/2019\/12\/X5A4341-287x300.jpg 287w, https:\/\/17hundert.com\/wp-content\/uploads\/2019\/12\/X5A4341-768x802.jpg 768w, https:\/\/17hundert.com\/wp-content\/uploads\/2019\/12\/X5A4341-1472x1536.jpg 1472w, https:\/\/17hundert.com\/wp-content\/uploads\/2019\/12\/X5A4341-1962x2048.jpg 1962w\" sizes=\"auto, (max-width: 981px) 100vw, 981px\" \/><\/figure><div class=\"wp-block-media-text__content\">\n<h2 class=\"has-text-align-center wp-block-heading\" id=\"Hochlandkaffee\">Hochlandkaffee<\/h2>\n\n\n\n<div style=\"height:20px\" aria-hidden=\"true\" class=\"wp-block-spacer\"><\/div>\n\n\n\n<p class=\"has-text-align-center\">WIR SETZTEN ALS UNTERNEHMEN DARAUF, MIT ETHISCHEN GRUNDS\u00c4TZEN BEIM WIRTSCHAFTLICHEN HANDELN VER\u00c4NDERUNGEN ZUM POSITIVEN F\u00dcR UNSERE KAFFEEPRODUZENTEN, ABNEHMER UND DIE GEMEINSCHAFT UND UMWELT IM URSPRUNG NICARAGUA ZU BEWIRKEN.<\/p>\n\n\n\n<p class=\"has-text-align-center\"><strong>Ulrich Salamun, Gr\u00fcnder Biosfair S.A.<\/strong> <\/p>\n<\/div><\/div>\n\n\n\n<div style=\"height:100px\" aria-hidden=\"true\" class=\"wp-block-spacer\"><\/div>\n\n\n\n<div class=\"wp-block-media-text alignwide has-media-on-the-right is-stacked-on-mobile\" style=\"grid-template-columns:auto 52%\"><figure class=\"wp-block-media-text__media\"><img loading=\"lazy\" decoding=\"async\" width=\"1024\" height=\"683\" src=\"https:\/\/17hundert.com\/wp-content\/uploads\/2019\/12\/17hundert-BBQ-Gew\u00fcrzmischung_Pulver-1024x683.jpg\" alt=\"\" class=\"wp-image-28 size-full\" srcset=\"https:\/\/17hundert.com\/wp-content\/uploads\/2019\/12\/17hundert-BBQ-Gew\u00fcrzmischung_Pulver-1024x683.jpg 1024w, https:\/\/17hundert.com\/wp-content\/uploads\/2019\/12\/17hundert-BBQ-Gew\u00fcrzmischung_Pulver-300x200.jpg 300w, https:\/\/17hundert.com\/wp-content\/uploads\/2019\/12\/17hundert-BBQ-Gew\u00fcrzmischung_Pulver-768x512.jpg 768w, https:\/\/17hundert.com\/wp-content\/uploads\/2019\/12\/17hundert-BBQ-Gew\u00fcrzmischung_Pulver-1536x1024.jpg 1536w, https:\/\/17hundert.com\/wp-content\/uploads\/2019\/12\/17hundert-BBQ-Gew\u00fcrzmischung_Pulver-2048x1365.jpg 2048w, https:\/\/17hundert.com\/wp-content\/uploads\/2019\/12\/17hundert-BBQ-Gew\u00fcrzmischung_Pulver-930x620.jpg 930w\" sizes=\"auto, (max-width: 1024px) 100vw, 1024px\" \/><\/figure><div class=\"wp-block-media-text__content\">\n<h2 class=\"has-text-align-center wp-block-heading\">Gew\u00fcrze<\/h2>\n\n\n\n<div style=\"height:20px\" aria-hidden=\"true\" class=\"wp-block-spacer\"><\/div>\n\n\n\n<p class=\"has-text-align-center\">SEIT 1997 ARBEITEN WIR SCHON AN DEM EHRGEIZIGEN PROJEKT, SOWOHL FEINSCHMECKERN ALS AUCH ALLEN GESUNDHEITSBEWUSSTEN VERBRAUCHERN, KR\u00c4UTER UND GEW\u00dcRZE VON GANZ AUSSERGEW\u00d6HNLICHER QUALIT\u00c4T ANBIETEN ZU K\u00d6NNEN.<\/p>\n\n\n\n<p class=\"has-text-align-center\"><strong>Rudolf B\u00fchler, Gr\u00fcnder Ecoland<\/strong> <\/p>\n<\/div><\/div>\n<\/div><\/div>\n\n\n\n<div style=\"height:100px\" aria-hidden=\"true\" class=\"wp-block-spacer\"><\/div>\n\n\n\n<div class=\"wp-block-media-text is-stacked-on-mobile\" style=\"grid-template-columns:34% auto\"><figure class=\"wp-block-media-text__media\"><img loading=\"lazy\" decoding=\"async\" width=\"768\" height=\"1024\" src=\"https:\/\/17hundert.com\/wp-content\/uploads\/2020\/03\/17hundert-Oliven\u00f6l_front_edit_white-768x1024.png\" alt=\"17hundert Oliven\u00f6l extra nativ &amp; naturtr\u00fcb\" class=\"wp-image-83 size-full\"\/><\/figure><div class=\"wp-block-media-text__content\">\n<h2 class=\"has-text-align-center wp-block-heading\">Oliven\u00f6l<\/h2>\n\n\n\n<div style=\"height:20px\" aria-hidden=\"true\" class=\"wp-block-spacer\"><\/div>\n\n\n\n<p class=\"has-text-align-center\">WIR LEGEN H\u00d6CHSTEN WERT DARAUF EIN UNVERSCHNITTENES UND NATURBELASSENES OLIVEN\u00d6L ANZUBIETEN. DIESES KUNDEN-VERSPRECHEN ERREICHEN WIR, INDEM WIR HAND IN HAND MIT UNSEREN PARTNERN UND OLIVENBAUERN DIREKT VOR ORT IN GRIECHENLAND ZUSAMMENARBEITEN. WIR PACKEN BEI DER ERNTE, VERARBEITUNG UND ABF\u00dcLLUNG MIT AN. UNSER OLIVEN\u00d6L STAMMT DIREKT VOM ERZEUGER! <\/p>\n\n\n\n<p class=\"has-text-align-center\"><strong>Dimitrios Karapatzakis, Produzent<\/strong><\/p>\n<\/div><\/div>\n\n\n\n<div style=\"height:105px\" aria-hidden=\"true\" class=\"wp-block-spacer\"><\/div>\n\n\n\n<h2 class=\"has-text-align-center wp-block-heading\" id=\"Ursprung-des-Aromas\">Der Ursprung des Aromas<\/h2>\n\n\n\n<div style=\"height:41px\" aria-hidden=\"true\" class=\"wp-block-spacer\"><\/div>\n\n\n\n<figure class=\"wp-block-gallery aligncenter columns-3 is-cropped animated pulse wp-block-gallery-2 is-layout-flex wp-block-gallery-is-layout-flex\"><ul class=\"blocks-gallery-grid\"><li class=\"blocks-gallery-item\"><figure><img loading=\"lazy\" decoding=\"async\" width=\"1024\" height=\"405\" src=\"https:\/\/17hundert.com\/wp-content\/uploads\/2019\/12\/Panorama_3366-1024x405.jpg\" alt=\"\" data-id=\"22\" data-full-url=\"https:\/\/17hundert.com\/wp-content\/uploads\/2019\/12\/Panorama_3366-scaled.jpg\" data-link=\"https:\/\/17hundert.com\/willkommen-auf-https-17hundert-com\/panorama_3366\" class=\"wp-image-22\" srcset=\"https:\/\/17hundert.com\/wp-content\/uploads\/2019\/12\/Panorama_3366-1024x405.jpg 1024w, https:\/\/17hundert.com\/wp-content\/uploads\/2019\/12\/Panorama_3366-300x119.jpg 300w, https:\/\/17hundert.com\/wp-content\/uploads\/2019\/12\/Panorama_3366-768x304.jpg 768w, https:\/\/17hundert.com\/wp-content\/uploads\/2019\/12\/Panorama_3366-1536x607.jpg 1536w, https:\/\/17hundert.com\/wp-content\/uploads\/2019\/12\/Panorama_3366-2048x810.jpg 2048w\" sizes=\"auto, (max-width: 1024px) 100vw, 1024px\" \/><\/figure><\/li><li class=\"blocks-gallery-item\"><figure><img loading=\"lazy\" decoding=\"async\" width=\"1024\" height=\"683\" src=\"https:\/\/17hundert.com\/wp-content\/uploads\/2019\/12\/Hintergrund_Kaffeewaschen_Web-1024x683.jpg\" alt=\"\" data-id=\"38\" data-full-url=\"https:\/\/17hundert.com\/wp-content\/uploads\/2019\/12\/Hintergrund_Kaffeewaschen_Web.jpg\" data-link=\"https:\/\/17hundert.com\/willkommen-auf-https-17hundert-com\/hintergrund_kaffeewaschen_web\" class=\"wp-image-38\" srcset=\"https:\/\/17hundert.com\/wp-content\/uploads\/2019\/12\/Hintergrund_Kaffeewaschen_Web-1024x683.jpg 1024w, https:\/\/17hundert.com\/wp-content\/uploads\/2019\/12\/Hintergrund_Kaffeewaschen_Web-300x200.jpg 300w, https:\/\/17hundert.com\/wp-content\/uploads\/2019\/12\/Hintergrund_Kaffeewaschen_Web-768x512.jpg 768w, https:\/\/17hundert.com\/wp-content\/uploads\/2019\/12\/Hintergrund_Kaffeewaschen_Web-1536x1024.jpg 1536w, https:\/\/17hundert.com\/wp-content\/uploads\/2019\/12\/Hintergrund_Kaffeewaschen_Web-2048x1365.jpg 2048w, https:\/\/17hundert.com\/wp-content\/uploads\/2019\/12\/Hintergrund_Kaffeewaschen_Web-930x620.jpg 930w\" sizes=\"auto, (max-width: 1024px) 100vw, 1024px\" \/><\/figure><\/li><li class=\"blocks-gallery-item\"><figure><img loading=\"lazy\" decoding=\"async\" width=\"1024\" height=\"686\" src=\"https:\/\/17hundert.com\/wp-content\/uploads\/2019\/12\/Jesus_Web-1024x686.jpg\" alt=\"\" data-id=\"40\" data-full-url=\"https:\/\/17hundert.com\/wp-content\/uploads\/2019\/12\/Jesus_Web.jpg\" data-link=\"https:\/\/17hundert.com\/willkommen-auf-https-17hundert-com\/jesus_web\" class=\"wp-image-40\" srcset=\"https:\/\/17hundert.com\/wp-content\/uploads\/2019\/12\/Jesus_Web-1024x686.jpg 1024w, https:\/\/17hundert.com\/wp-content\/uploads\/2019\/12\/Jesus_Web-300x201.jpg 300w, https:\/\/17hundert.com\/wp-content\/uploads\/2019\/12\/Jesus_Web-768x515.jpg 768w, https:\/\/17hundert.com\/wp-content\/uploads\/2019\/12\/Jesus_Web.jpg 1200w\" sizes=\"auto, (max-width: 1024px) 100vw, 1024px\" \/><\/figure><\/li><li class=\"blocks-gallery-item\"><figure><img loading=\"lazy\" decoding=\"async\" width=\"1024\" height=\"683\" src=\"https:\/\/17hundert.com\/wp-content\/uploads\/2019\/12\/Sammeltaschen_Web-1024x683.jpg\" alt=\"\" data-id=\"41\" data-full-url=\"https:\/\/17hundert.com\/wp-content\/uploads\/2019\/12\/Sammeltaschen_Web.jpg\" data-link=\"https:\/\/17hundert.com\/willkommen-auf-https-17hundert-com\/sammeltaschen_web\" class=\"wp-image-41\" srcset=\"https:\/\/17hundert.com\/wp-content\/uploads\/2019\/12\/Sammeltaschen_Web-1024x683.jpg 1024w, https:\/\/17hundert.com\/wp-content\/uploads\/2019\/12\/Sammeltaschen_Web-300x200.jpg 300w, https:\/\/17hundert.com\/wp-content\/uploads\/2019\/12\/Sammeltaschen_Web-768x512.jpg 768w, https:\/\/17hundert.com\/wp-content\/uploads\/2019\/12\/Sammeltaschen_Web-930x620.jpg 930w, https:\/\/17hundert.com\/wp-content\/uploads\/2019\/12\/Sammeltaschen_Web.jpg 1200w\" sizes=\"auto, (max-width: 1024px) 100vw, 1024px\" \/><\/figure><\/li><li class=\"blocks-gallery-item\"><figure><img loading=\"lazy\" decoding=\"async\" width=\"1024\" height=\"683\" src=\"https:\/\/17hundert.com\/wp-content\/uploads\/2019\/12\/Produzent_Weg_Web-1024x683.jpg\" alt=\"\" data-id=\"36\" data-full-url=\"https:\/\/17hundert.com\/wp-content\/uploads\/2019\/12\/Produzent_Weg_Web.jpg\" data-link=\"https:\/\/17hundert.com\/willkommen-auf-https-17hundert-com\/produzent_weg_web\" class=\"wp-image-36\" srcset=\"https:\/\/17hundert.com\/wp-content\/uploads\/2019\/12\/Produzent_Weg_Web-1024x683.jpg 1024w, https:\/\/17hundert.com\/wp-content\/uploads\/2019\/12\/Produzent_Weg_Web-300x200.jpg 300w, https:\/\/17hundert.com\/wp-content\/uploads\/2019\/12\/Produzent_Weg_Web-768x512.jpg 768w, https:\/\/17hundert.com\/wp-content\/uploads\/2019\/12\/Produzent_Weg_Web-930x620.jpg 930w, https:\/\/17hundert.com\/wp-content\/uploads\/2019\/12\/Produzent_Weg_Web.jpg 1200w\" sizes=\"auto, (max-width: 1024px) 100vw, 1024px\" \/><\/figure><\/li><li class=\"blocks-gallery-item\"><figure><img loading=\"lazy\" decoding=\"async\" width=\"1024\" height=\"683\" src=\"https:\/\/17hundert.com\/wp-content\/uploads\/2019\/12\/Hintergrund_Kaffeebecher_Web-1-1024x683.jpg\" alt=\"\" data-id=\"37\" data-full-url=\"https:\/\/17hundert.com\/wp-content\/uploads\/2019\/12\/Hintergrund_Kaffeebecher_Web-1.jpg\" data-link=\"https:\/\/17hundert.com\/willkommen-auf-https-17hundert-com\/hintergrund_kaffeebecher_web-1\" class=\"wp-image-37\" srcset=\"https:\/\/17hundert.com\/wp-content\/uploads\/2019\/12\/Hintergrund_Kaffeebecher_Web-1-1024x683.jpg 1024w, https:\/\/17hundert.com\/wp-content\/uploads\/2019\/12\/Hintergrund_Kaffeebecher_Web-1-300x200.jpg 300w, https:\/\/17hundert.com\/wp-content\/uploads\/2019\/12\/Hintergrund_Kaffeebecher_Web-1-768x512.jpg 768w, https:\/\/17hundert.com\/wp-content\/uploads\/2019\/12\/Hintergrund_Kaffeebecher_Web-1-1536x1024.jpg 1536w, https:\/\/17hundert.com\/wp-content\/uploads\/2019\/12\/Hintergrund_Kaffeebecher_Web-1-2048x1365.jpg 2048w, https:\/\/17hundert.com\/wp-content\/uploads\/2019\/12\/Hintergrund_Kaffeebecher_Web-1-930x620.jpg 930w\" sizes=\"auto, (max-width: 1024px) 100vw, 1024px\" \/><\/figure><\/li><\/ul><\/figure>\n\n\n\n<div class=\"wp-block-themeisle-blocks-testimonials\">\n<div style=\"height:100px\" aria-hidden=\"true\" class=\"wp-block-spacer\"><\/div>\n\n\n\n<h2 class=\"has-text-align-center wp-block-heading\" id=\"Info_17hundert\">\u00dcber 17hundert<\/h2>\n\n\n\n<hr class=\"wp-block-separator\"\/>\n\n\n\n<p class=\"has-medium-font-size\"><span style=\"color:#d6553b\" class=\"tadv-color\">17hundert<\/span> versteht Handel anders. F\u00fcr uns ist gerechter und zukunftsorientierter Handel eine Selbstverst\u00e4ndlichkeit. Wir verstehen Handel als ein Instrument f\u00fcr den Austausch zwischen Kulturen und zur nachhaltigen Verbesserung von Lebensbedingungen, denn Jeder sollte davon profitieren. <\/p>\n\n\n\n<p class=\"has-medium-font-size\">Wir glauben fest daran, dass zukunftsf\u00e4higer, globaler Handel nur unter dem Aspekt der Nachhaltigkeit bestehen kann. <br>Das bedeutet f\u00fcr <span style=\"color:#d6553b\" class=\"tadv-color\">17hundert <\/span>konkret: Eine Partnerschaft auf Augenh\u00f6he ohne Ausbeutung im \u00f6kologischen wie auch im \u00f6konomischen Sinne. <br>Nachhaltiges Handeln konzentriert sich nicht nur auf Umweltaspekte, sondern in erster Linie auf ein gerechtes und soziales Miteinander. <\/p>\n\n\n\n<p class=\"has-medium-font-size\">Aus diesem Grund kooperiert<span style=\"color:#d6553b\" class=\"tadv-color\"> 17hundert<\/span> direkt mit bedeutenden Initiativen wie Biosfair und Ecoland, die sich als Ansprechpartner und Helfer vor Ort verstehen. Gemeinsam mit den Kooperativen werden F\u00f6rderungen und Investitionen entwickelt, die einen tats\u00e4chlichen Mehrwert f\u00fcr die Menschen, das Produkt und die Umwelt bedeuten<\/p>\n<\/div>\n\n\n\n<div class=\"wp-block-themeisle-blocks-advanced-columns has-4-columns has-desktop-equal-layout has-tablet-twoColumnGrid-layout has-mobile-collapsedRows-layout has-extended-gap has-vertical-unset\" id=\"wp-block-themeisle-blocks-advanced-columns-18f3b476\"><div class=\"wp-block-themeisle-blocks-advanced-columns-overlay\"><\/div><div class=\"innerblocks-wrap\">\n<div class=\"wp-block-themeisle-blocks-advanced-column ticss-fdebfe12\" id=\"wp-block-themeisle-blocks-advanced-column-722a8bd1\">\n<div class=\"wp-block-themeisle-blocks-service ticss-35ceff3f\">\n<p class=\"wp-block-themeisle-blocks-font-awesome-icons\" id=\"wp-block-themeisle-blocks-font-awesome-icons-3c1cbcdb\"><span class=\"wp-block-themeisle-blocks-font-awesome-icons-container\"><i class=\"fas fa-leaf\"><\/i><\/span><\/p>\n\n\n\n<p id=\"wp-block-themeisle-blocks-advanced-heading-ddafa49d\" class=\"wp-block-themeisle-blocks-advanced-heading wp-block-themeisle-blocks-advanced-heading-ddafa49d\"><br><strong>Erhaltung des \u00d6kosystems <\/strong>durch <strong>nachhaltige Anbautechniken<\/strong><\/p>\n<\/div>\n<\/div>\n\n\n\n<div class=\"wp-block-themeisle-blocks-advanced-column\" id=\"wp-block-themeisle-blocks-advanced-column-311a419a\">\n<div class=\"wp-block-themeisle-blocks-service\">\n<p class=\"wp-block-themeisle-blocks-font-awesome-icons\" id=\"wp-block-themeisle-blocks-font-awesome-icons-80e1f1da\"><span class=\"wp-block-themeisle-blocks-font-awesome-icons-container\"><i class=\"fas fa-sync-alt\"><\/i><\/span><\/p>\n\n\n\n<p id=\"wp-block-themeisle-blocks-advanced-heading-07007146\" class=\"wp-block-themeisle-blocks-advanced-heading wp-block-themeisle-blocks-advanced-heading-07007146\"> <br><strong>Planungssicherheit<\/strong> durch <strong>garantierte Abnahmemengen<\/strong> <\/p>\n\n\n\n<p><\/p>\n<\/div>\n<\/div>\n\n\n\n<div class=\"wp-block-themeisle-blocks-advanced-column\" id=\"wp-block-themeisle-blocks-advanced-column-87a7caf2\">\n<div class=\"wp-block-themeisle-blocks-service\">\n<p class=\"wp-block-themeisle-blocks-font-awesome-icons\" id=\"wp-block-themeisle-blocks-font-awesome-icons-216b77c9\"><span class=\"wp-block-themeisle-blocks-font-awesome-icons-container\"><i class=\"fas fa-chart-line\"><\/i><\/span><\/p>\n\n\n\n<p id=\"wp-block-themeisle-blocks-advanced-heading-877e71b7\" class=\"wp-block-themeisle-blocks-advanced-heading wp-block-themeisle-blocks-advanced-heading-877e71b7\"> <br> H\u00f6chste <strong>Qualit\u00e4t<\/strong> durch kontinuierliche Kontrollen und <strong>optimale Anbaulage<\/strong> <\/p>\n<\/div>\n<\/div>\n\n\n\n<div class=\"wp-block-themeisle-blocks-advanced-column ticss-167cd49a\" id=\"wp-block-themeisle-blocks-advanced-column-5a317e3d\">\n<div class=\"wp-block-themeisle-blocks-service\">\n<p class=\"wp-block-themeisle-blocks-font-awesome-icons\" id=\"wp-block-themeisle-blocks-font-awesome-icons-6834ce04\"><span class=\"wp-block-themeisle-blocks-font-awesome-icons-container\"><i class=\"fas fa-hand-holding-usd\"><\/i><\/span><\/p>\n\n\n\n<p id=\"wp-block-themeisle-blocks-advanced-heading-3f97f0d3\" class=\"wp-block-themeisle-blocks-advanced-heading wp-block-themeisle-blocks-advanced-heading-3f97f0d3\"> <br> <strong>Gerechte Bezahlung <\/strong>durch<strong> direkten Handel<\/strong> <\/p>\n<\/div>\n<\/div>\n<\/div><\/div>\n\n\n\n<div style=\"height:82px\" aria-hidden=\"true\" class=\"wp-block-spacer\"><\/div>\n\n\n\n<p class=\"has-text-align-center has-medium-font-size\"><span style=\"color:#d6553b\" class=\"tadv-color\">17hundert<\/span>-Produkte kannst du bei unserem Partner <span style=\"color:#d6553b\" class=\"tadv-color\">ARISTOS<\/span> online bestellen<\/p>\n\n\n\n<div style=\"height:42px\" aria-hidden=\"true\" class=\"wp-block-spacer\"><\/div>\n\n\n\n<div id=\"wp-block-themeisle-blocks-button-group-017fe0a7\" class=\"wp-block-themeisle-blocks-button-group wp-block-buttons align-center\">\n<div id=\"wp-block-themeisle-blocks-button-087a6631\" class=\"wp-block-themeisle-blocks-button wp-block-button\"><a href=\"https:\/\/www.aristos-olivenoel.de\/shop\/\" target=\"_self\" rel=\"noopener noreferrer\" class=\"wp-block-button__link\"><span><strong>Zum Online SHOP<\/strong><\/span><\/a><\/div>\n<\/div>\n\n\n\n<div style=\"height:100px\" aria-hidden=\"true\" class=\"wp-block-spacer\"><\/div>\n","protected":false},"excerpt":{"rendered":"<p>17HUNDERT-PRODUKTE HABEN BEDEUTUNG.WIR VERSTEHEN FAIREN HANDEL ALS SELBSTVERST\u00c4NDLICHKEIT. Unsere Produkte Hochlandkaffee WIR SETZTEN ALS UNTERNEHMEN DARAUF, MIT ETHISCHEN GRUNDS\u00c4TZEN BEIM WIRTSCHAFTLICHEN HANDELN VER\u00c4NDERUNGEN ZUM POSITIVEN F\u00dcR UNSERE KAFFEEPRODUZENTEN, ABNEHMER UND DIE GEMEINSCHAFT UND UMWELT IM URSPRUNG NICARAGUA ZU BEWIRKEN. Ulrich Salamun, Gr\u00fcnder Biosfair S.A. Gew\u00fcrze SEIT 1997 ARBEITEN WIR SCHON AN DEM EHRGEIZIGEN PROJEKT, SOWOHL&hellip;&nbsp;<a href=\"https:\/\/17hundert.com\/\" rel=\"bookmark\">Weiterlesen &raquo;<span class=\"screen-reader-text\">Home<\/span><\/a><\/p>\n","protected":false},"author":1,"featured_media":22,"parent":0,"menu_order":0,"comment_status":"closed","ping_status":"open","template":"","meta":{"neve_meta_sidebar":"","neve_meta_container":"","neve_meta_enable_content_width":"off","neve_meta_content_width":0,"neve_meta_title_alignment":"","neve_meta_author_avatar":"","neve_post_elements_order":"","neve_meta_disable_header":"","neve_meta_disable_footer":"","neve_meta_disable_title":"on","_themeisle_gutenberg_block_has_review":false,"footnotes":""},"class_list":["post-4","page","type-page","status-publish","has-post-thumbnail","hentry"],"_links":{"self":[{"href":"https:\/\/17hundert.com\/index.php?rest_route=\/wp\/v2\/pages\/4","targetHints":{"allow":["GET"]}}],"collection":[{"href":"https:\/\/17hundert.com\/index.php?rest_route=\/wp\/v2\/pages"}],"about":[{"href":"https:\/\/17hundert.com\/index.php?rest_route=\/wp\/v2\/types\/page"}],"author":[{"embeddable":true,"href":"https:\/\/17hundert.com\/index.php?rest_route=\/wp\/v2\/users\/1"}],"replies":[{"embeddable":true,"href":"https:\/\/17hundert.com\/index.php?rest_route=%2Fwp%2Fv2%2Fcomments&post=4"}],"version-history":[{"count":60,"href":"https:\/\/17hundert.com\/index.php?rest_route=\/wp\/v2\/pages\/4\/revisions"}],"predecessor-version":[{"id":165,"href":"https:\/\/17hundert.com\/index.php?rest_route=\/wp\/v2\/pages\/4\/revisions\/165"}],"wp:featuredmedia":[{"embeddable":true,"href":"https:\/\/17hundert.com\/index.php?rest_route=\/wp\/v2\/media\/22"}],"wp:attachment":[{"href":"https:\/\/17hundert.com\/index.php?rest_route=%2Fwp%2Fv2%2Fmedia&parent=4"}],"curies":[{"name":"wp","href":"https:\/\/api.w.org\/{rel}","templated":true}]}}